93409 a multiple of 487?
False
Does 1625 divide 15079506?
False
Is 2 a factor of 15084925?
False
Is 20806492 a multiple of 25?
False
Is 968169456 a multiple of 144?
True
Is 16 a factor of 4034589648?
True
Does 37 divide 1550545162?
True
Is 261 a factor of 1508885723?
False
Is 89619480 a multiple of 6?
True
Is 3610894602 a multiple of 29?
False
Is 152754799 a multiple of 122?
False
Does 107 divide 1380747480?
False
Is 49 a factor of 4449102?
True
Does 14 divide 74253955?
False
Is 892462200 a multiple of 200?
True
Does 8 divide 4639584?
True
Does 38 divide 78011606?
True
Is 1650263571 a multiple of 1947?
True
Does 69 divide 26395605?
True
Does 177 divide 34468626?
True
Does 2780 divide 300103780?
True
Does 5 divide 1376225?
True
Is 71 a factor of 41315965?
True
Is 3276 a factor of 103794220?
False
Is 38 a factor of 104023500?
False
Does 9663 divide 2440291461?
False
Does 660 divide 381725012?
False
Is 144795268 a multiple of 6?
False
Is 9751090 a multiple of 10?
True
Does 13 divide 230189024?
True
Does 181 divide 186898998?
False
Is 873724477 a multiple of 154?
False
Is 34 a factor of 15049017?
False
Is 242471296 a multiple of 6?
False
Is 80058272 a multiple of 964?
True
Is 49650954 a multiple of 53?
False
Does 395 divide 888587815?
False
Is 513314712 a multiple of 15?
False
Does 17 divide 64263178?
False
Is 6 a factor of 5863055?
False
Is 19 a factor of 68045779?
False
Is 83 a factor of 2914379371?
False
Is 7312810 a multiple of 357?
False
Is 135532628 a multiple of 62?
False
Does 9 divide 27904563?
True
Is 2341252850 a multiple of 15?
False
Is 168199405 a multiple of 3311?
False
Does 26 divide 126867858?
True
Does 9 divide 705993426?
True
Is 432089850 a multiple of 725?
True
Is 16359707 a multiple of 1199?
False
Does 276 divide 833244?
True
Does 605 divide 91041005?
True
Is 155 a factor of 92330353?
False
Is 13 a factor of 65248815?
False
Is 511 a factor of 29321180?
True
Is 619388867 a multiple of 4204?
False
Does 2 divide 279041?
False
Does 2005 divide 162817202?
False
Does 220 divide 15958328?
False
Does 5 divide 747897?
False
Is 90 a factor of 176371740?
True
Does 14 divide 3633069?
False
Is 24802224 a multiple of 1962?
False
Is 82 a factor of 155375568?
True
Is 5 a factor of 33471315?
True
Is 220 a factor of 157462360?
True
Does 5158 divide 52874658?
True
Is 807055106 a multiple of 131?
True
Is 69520468 a multiple of 8?
False
Does 30 divide 9108600?
True
Is 662529715 a multiple of 696?
False
Is 89807845 a multiple of 116?
False
Does 10 divide 103715000?
True
Is 304 a factor of 17767280?
True
Is 126 a factor of 755733006?
True
Is 2 a factor of 70027817?
False
Does 13 divide 110000241?
True
Is 16 a factor of 17383257?
False
Is 16606494 a multiple of 354?
True
Does 21 divide 291349926?
True
Does 14 divide 31574557?
False
Is 1462797433 a multiple of 12?
False
Is 369 a factor of 110916816?
False
Is 178 a factor of 19165408?
False
Is 1991 a factor of 148044829?
False
Is 483002113 a multiple of 43?
False
Is 1071 a factor of 13568499?
True
Is 4595280694 a multiple of 31?
False
Is 42 a factor of 49734483?
False
Does 78 divide 9317334?
True
Is 116 a factor of 593910952?
True
Is 1232634 a multiple of 39?
True
Is 8879 a factor of 64038021?
False
Is 8 a factor of 10355175?
False
Does 44 divide 49808836?
True
Does 6963 divide 806238807?
True
Is 2604500485 a multiple of 37?
True
Is 62243264 a multiple of 1949?
True
Does 4098 divide 1216265910?
True
Is 45 a factor of 7313985?
True
Is 66 a factor of 556495632?
True
Is 287 a factor of 1157184?
True
Does 23 divide 8877747?
True
Is 1123662974 a multiple of 9?
False
Is 88727850 a multiple of 111?
True
Is 291949463 a multiple of 293?
False
Is 62 a factor of 14431368?
True
Does 5 divide 253987542?
False
Does 138 divide 6892831?
False
Is 40 a factor of 221343520?
True
Is 8 a factor of 349955819?
False
Is 551995430 a multiple of 70?
True
Is 5803700 a multiple of 36?
False
Is 67846772 a multiple of 98?
True
Is 95 a factor of 120258505?
True
Does 5 divide 75956060?
True
Is 10 a factor of 9185850?
True
Is 114 a factor of 456843828?
True
Does 13 divide 3184099591?
False
Is 329120871 a multiple of 4?
False
Is 211338790 a multiple of 2372?
False
Is 126 a factor of 314738253?
False
Does 2348 divide 93285493?
False
Does 8 divide 30689589?
False
Does 15 divide 489791338?
False
Is 775454537 a multiple of 5269?
True
Is 52461696 a multiple of 8?
True
Is 8974196 a multiple of 154?
True
Is 229 a factor of 32456628?
True
Is 1262 a factor of 152648996?
True
Is 4488853455 a multiple of 285?
True
Does 42 divide 6942737214?
True
Is 9 a factor of 41065642?
False
Is 87755100 a multiple of 6?
True
Is 671304845 a multiple of 1957?
False
Is 37 a factor of 428619201?
False
Is 17 a factor of 467754796?
True
Is 999 a factor of 51179769?
True
Is 7 a factor of 15780918?
False
Is 9489138 a multiple of 6?
True
Does 85 divide 3781876508?
False
Is 405 a factor of 812355407?
False
Is 80511705 a multiple of 1438?
False
Is 11 a factor of 1549590130?
True
Is 226587060 a multiple of 30?
True
Does 84 divide 978675936?
True
Is 986 a factor of 678532518?
False
Is 36349909 a multiple of 943?
False
Does 17 divide 8741349?
True
Is 1568 a factor of 18237433?
False
Does 92 divide 52597136?
True
Does 65 divide 2233261485?
True
Is 221425326 a multiple of 81?
True
Does 9 divide 3548468186?
False
Is 4854 a factor of 446932050?
True
Is 412464040 a multiple of 40?
True
Is 145979319 a multiple of 271?
False
Is 378 a factor of 1412396281?
False
Does 39 divide 2963738?
False
Does 19 divide 3995478?
False
Is 13 a factor of 49663991?
True
Is 439 a factor of 185849174?
False
Is 672 a factor of 33569298?
False
Is 320757570 a multiple of 63?
True
Does 251 divide 74069849?
True
Does 323 divide 221767180?
False
Is 669 a factor of 7726060?
False
Is 144106053 a multiple of 205?
False
Is 618 a factor of 310936812?
True
Does 1098 divide 111224474?
False
Does 6 divide 176751972?
True
Is 82 a factor of 254435012?
True
Is 4758 a factor of 274251120?
True
Is 47 a factor of 21512101?
False
Is 369114949 a multiple of 2?
False
Is 1089482400 a multiple of 425?
True
Is 101 a factor of 80866761?
True
Is 278953560 a multiple of 5958?
True
Is 135150148 a multiple of 2061?
False
Is 2082 a factor of 27665616?
True
Is 9364940 a multiple of 3620?
True
Is 2963904600 a multiple of 100?
True
Does 5 divide 9279470?
True
Is 29 a factor of 3406709880?
False
Is 93534855 a multiple of 9?
False
Is 1391325731 a multiple of 331?
True
Is 589028899 a multiple of 361?
True
Is 164006792 a multiple of 824?
False
Is 108220162 a multiple of 2078?
True
Is 30 a factor of 41683621?
False
Is 3 a factor of 5191611?
True
Is 17352390 a multiple of 330?
True
Does 3 divide 20972271?
True
Does 5 divide 8790365?
True
Is 4 a factor of 15172503?
False
Is 121972571 a multiple of 560?
False
Does 13 divide 64187292?
True
Does 335 divide 34414252?
False
Is 1912 a factor of 249928902?
False
Does 334 divide 292977633?
False
Is 79955103 a multiple of 558?
False
Does 17 divide 109812996?
True
Is 7675639 a multiple of 19?
True
Is 745 a factor of 100428235?
True
Is 15926036 a multiple of 4?
True
Does 23 divide 43269571?
False
Does 66 divide 130018542?
False
Is 144 a factor of 678221349?
False
Is 31 a factor of 22555569?
True
Does 8586 divide 1683724282?
False
Is 18 a factor of 20083668?
False
Is 28349062 a multiple of 8?
False
Is 44 a factor of 5898640?
True
Does 1608 divide 77981568?
True
Is 4094 a factor of 87131444?
False
Is 241 a factor of 40462695?
True
Is 11 a factor of 134818633?
False
Is 414 a factor of 292623811?
False
Does 16 divide 58743968?
True
Is 4 a factor of 36036?
True
Is 146222050 a multiple of 1982?
True
Is 690 a factor of 443359684?
False
Does 1571 divide 235181599?
False
Is 4 a factor of 370631472?
True
Is 1244650 a multiple of 5?
True
Is 14 a factor of 471227050?
True
Is 207917 a multiple of 23?
False
Does 11 divide 246710717?
True
Is 7 a factor of 36228479?
True
Is 1175 a factor of 452492500?
True
Does 25 divide 185129051?
False
Is 5535 a factor of 281609092?
False
Does 3001 divide 540927249?
True
Is 94527544 a multiple of 4?
True
Is 31678530 a multiple of 559?
True
Is 486845301 a multiple of 1595?
False
Is 1414 a factor of 216701156?
True
Does 23 divide 518715431?
False
Does 2097 divide 1186992171?
True
I